 Determine r(12).
4
Let t(v) = v**2 + 12*v + 2. Calculate t(-9).
-25
Let i(q) = 2*q**3 + 15*q**2 + 23*q + 41. Calculate i(-6).
11
Let l(y) = -2*y**3 + 15*y**2 + 7*y + 16. Calculate l(8).
8
Let b(a) = -a**3 - 11*a**2 - 18*a - 3. Give b(-9).
-3
Let f(x) = 3*x**2 - 4*x + 3. Determine f(3).
18
Let q(j) = -j**2 - 11*j + 36. Determine q(-14).
-6
Let n(r) = 3*r**2 + 8*r - 6. Calculate n(-6).
54
Let k(x) = 5*x**3 + x**2 + 2*x + 5. Calculate k(-3).
-127
Let v(h) = -h**2 - 18*h + 32. What is v(-19)?
13
Let l(u) = -12*u + 16. Determine l(7).
-68
Let r(s) = 24*s**3 - s**2 + 1. Determine r(-1).
-24
Let s(h) = -5*h + 227. Calculate s(48).
-13
Let p(u) = u - 7. Give p(16).
9
Let l(b) = -3*b**2 - 12*b - 16. Calculate l(-5).
-31
Let p(c) = -8*c - 164. Calculate p(-20).
-4
Let p(o) = -o - 10. Give p(-9).
-1
Let p(k) = k**3 + 20*k**2 - 16*k + 98. What is p(-21)?
-7
Let k(o) = -5*o + 3. Give k(5).
-22
Let i(j) = j**2 + 11*j - 12. What is i(-9)?
-30
Let b(u) = 5*u - 55. Calculate b(4).
-35
Let h(z) = z**3 + 4*z**2 - 4*z - 14. Calculate h(-5).
-19
Let y(f) = f**2 - 6*f + 3. Determine y(5).
-2
Let w(z) = 3*z**3 - 26*z**2 - 11*z - 18. Calculate w(9).
-36
Let o(z) = 25*z**2 - 3*z + 3. Determine o(1).
25
Let o(g) = 21*g - 224. Determine o(14).
70
Let i(q) = -q**2 - 4*q + 7. Calculate i(-6).
-5
Let h(w) = -w**2 + 9*w + 13. What is h(10)?
3
Let d(w) = -3*w - 35. Give d(-9).
-8
Let n(u) = u + 33. Determine n(-10).
23
Let j(f) = -12*f - 2. Give j(3).
-38
Let w(i) = i**3 - 6*i**2 + 6*i. What is w(4)?
-8
Let c(j) = -j**3 - j - 30. What is c(0)?
-30
Let l(f) = -f**2 - 14*f - 29. Give l(-12).
-5
Let n(y) = -2*y**2 + 41*y - 26. Determine n(20).
-6
Let r(n) = -n**2 - 11*n + 3. What is r(-9)?
21
Let y(s) = -s**2 - 18*s - 6. Give y(-8).
74
Let m(j) = -j**2 - 17*j - 28. Give m(-15).
2
Let v(b) = b**3 - 13*b**2 + 35*b + 24. Calculate v(5).
-1
Let s(q) = -2*q - 3. Calculate s(-11).
19
Let i(j) = j**2 + 15*j + 13. Determine i(-5).
-37
Let d(s) = s - 37. What is d(31)?
-6
Let n(u) = -12*u + 4. What is n(4)?
-44
Let d(k) = -k**3 - 7*k**2 + 6*k. Calculate d(-8).
16
Let g(j) = 6*j + 23. What is g(-7)?
-19
Let a(b) = b**2 - 10*b + 11. Calculate a(7).
-10
Let h(k) = 84*k - 188. What is h(2)?
-20
Let n(k) = k**2 - 5*k - 22. Calculate n(0).
-22
Let k(b) = -5*b + 3. Determine k(6).
-27
Let u(h) = 13*h**3 + 3*h**2 + 3*h - 5. Calculate u(1).
14
Let w(g) = -g - 10. Give w(-29).
19
Let z(r) = 3*r**2 - 6. Calculate z(4).
42
Let w(x) = x**2 + 2*x + 5. Determine w(-2).
5
Let j(p) = p**2 + 5*p + 9. Give j(-5).
9
Let w(g) = 23*g + 3. What is w(4)?
95
Let x(n) = 9*n + 8. Calculate x(-4).
-28
Let o(q) = -2*q**2 + 2*q - 1. What is o(3)?
-13
Let l(s) = s**3 - 15*s**2 + 63*s - 55. Calculate l(7).
-6
Let s(t) = -t**2 + 4*t + 1. Give s(3).
4
Let k(g) = -g**2 - g - 10. Calculate k(0).
-10
Let r(x) = -13*x + 23. What is r(5)?
-42
Let z(a) = a**2 - 13*a + 22. What is z(10)?
-8
Let z(t) = t - 3. What is z(12)?
9
Let t(n) = 4*n - 37. Determine t(11).
7
Let k(d) = -6*d + 6. Give k(4).
-18
Let p(g) = g**2 - 2*g - 4. Give p(-5).
31
Let h(s) = -s**3 - 15*s**2 + 36*s + 33. Determine h(-17).
-1
Let r(u) = u + 29. Determine r(-12).
17
Let r(b) = 2*b - 2. Calculate r(2).
2
Let u(q) = -q**2 - 6*q - 1. Determine u(-6).
-1
Let r(z) = z**3 - 2*z**2 - 3*z + 9. Determine r(2).
3
Let l(q) = -3*q - 20. Give l(-6).
-2
Let d(f) = -f**3 + 9*f**2 + 37*f - 14. Calculate d(12).
-2
Let y(d) = 12*d. Calculate y(-1).
-12
Let d(c) = -c**3 - 4*c**2 + 3*c + 1. Give d(-5).
11
Let m(x) = -x**3 + 7*x**2 + 2*x - 6. Give m(7).
8
Let q(f) = 2*f**3 - 5*f**2 + 6*f - 13. What is q(4)?
59
Let p(q) = -8*q - 16. Calculate p(-6).
32
Let i(t) = t**2 + 11*t + 22. Give i(-8).
-2
Let b(j) = j**2 - 8*j - 103. What is b(-7)?
2
Let u(c) = -c**3 + 5*c**2 + 2*c - 4. Calculate u(3).
20
Let h(z) = 4*z + 44. Give h(-6).
20
Let t(j) = -4*j**2 - 1. Give t(-1).
-5
Let t(u) = -2*u**2 - 8*u - 8. Calculate t(-5).
-18
Let t(y) = y**2 + 37*y - 352. Determine t(8).
8
Let i(t) = t**2 - 8*t + 35. What is i(7)?
28
Let l(o) = -9*o**2 + 4*o - 4. Give l(1).
-9
Let i(p) = 2*p**3 + 2*p**2 - p - 5. Calculate i(-2).
-11
Let g(v) = -v + 26. Determine g(14).
12
Let r(c) = -8*c - 203. Give r(-27).
13
Let a(r) = -11*r**2 - 8*r + 2. Calculate a(-3).
-73
Let a(r) = 2*r**3 - 15*r**2 + 7*r + 13. Give a(7).
13
Let x(j) = 2*j + 5. Calculate x(-3).
-1
Let z(d) = 19*d**2 + d. Give z(-1).
18
Let v(t) = 2*t**2 + 5*t - 28. Give v(4).
24
Let b(k) = -5*k - 20. Give b(-9).
25
Let i(p) = -p**2 + 10*p - 10. Determine i(9).
-1
Let n(d) = -d + 22. Determine n(11).
11
Let q(g) = g**3 - 2*g**2 - 2*g - 6. What is q(3)?
-3
Let n(c) = 2*c**2 + 24*c + 51. What is n(-8)?
-13
Let z(y) = y**3 + 15*y**2 - 14*y + 38. Calculate z(-16).
6
Let b(t) = 2*t**2 - 9*t + 11. What is b(5)?
16
Let t(i) = i**3 + 5*i**2 - 4*i - 1. Calculate t(-6).
-13
Let c(b) = 16*b - 190. Determine c(12).
2
Let f(v) = -2*v - 4. Give f(-7).
10
Let m(a) = -21*a + 1. Give m(-2).
43
Let l(m) = -m + 4. Give l(-3).
7
Let s(d) = -d**2 - 4*d - 3. What is s(-8)?
-35
Let f(o) = -41*o + 319. Calculate f(8).
-9
Let q(o) = o**3 - 8*o**2 - 7*o - 17. Calculate q(9).
1
Let s(k) = k**2 - 8*k - 22. What is s(9)?
-13
Let l(n) = n**3 - 20*n**2 - 18*n - 25. Calculate l(21).
38
Let d(c) = -c + 60. Calculate d(25).
35
Let o(h) = 2*h + 9. Calculate o(-4).
1
Let o(u) = -u**3 - 4*u**2 - u + 12. Determine o(0).
12
Let i(b) = b - 16. Give i(6).
-10
Let m(k) = -2*k**2 + 15*k + 39. Give m(10).
-11
Let x(z) = z**3 - z + 1. Calculate x(1).
1
Let v(f) = 12*f + 47. What is v(-5)?
-13
Let r(d) = d**2 + 10*d + 14. Determine r(-7).
-7
Let r(a) = a**3 + a**2 - a. Give r(1).
1
Let s(g) = 2*g + 9. Give s(-9).
-9
Let q(r) = r**3 - 4*r**2 - r + 3. Calculate q(4).
-1
Let l(z) = -7*z + 28. What is l(-7)?
77
Let a(z) = -z**3 + 22*z**2 - 59*z + 44. Calculate a(19).
6
Let m(u) = -7*u + 62. Determine m(7).
13
Let l(y) = 41*y**3 - y**2 + 1. Calculate l(1).
41
Let l(j) = -17*j. Give l(-5).
85
Let a(w) = 2*w**2 - 44*w + 88. Determine a(20).
8
Let p(i) = -i**2 + 8*i + 24. Determine p(8).
24
Let s(t) = 8*t - 3. Determine s(-3).
-27
Let m(n) = -3*n**2 - 23*n - 4. Determine m(-7).
10
Let p(h) = -h**3 - 37*h**2 - 100*h + 51. Calculate p(-34).
-17
Let t(o) = 3*o**2 + 2*o - 15. Give t(3).
18
Let h(i) = i**3 - 3*i**2 + 4*i - 1. What is h(0)?
-1
Let d(g) = -g**2 + 9*g - 10. What is d(4)?
10
Let r(a) = 45*a**2 - 4*a - 5. Calculate r(-1).
44
Let w(l) = -l**2 + 5*l + 40. What is w(10)?
-10
Let p(j) = j**2 - 7*j + 1. What is p(3)?
-11
Let v(a) = a**2 + 3*a + 33. Determine v(-7).
61
Let v(d) = 5*d - 12. Calculate v(4).
8
Let q(r) = r**3 + r**2 + 4*r - 13. Calculate q(0).
-13
Let l(s) = -9*s + 364. Calculate l(42).
-14
Let d(m) = m**2 + 11*m + 8. Calculate d(-9).
-10
Let t(v) = v - 44. Give t(-26).
-70
Let g(v) = -2*v**2 - 10*v - 5. Calculate g(-6).
-17
Let k(h) = h**3 + 3*h**2 - 2*h + 1. Determine k(-4).
-7
Let j(f) = -2*f - 17. What is j(-14)?
11
Let y(w) = w**3 - 6*w**2 - 8*w - 2. Calculate y(7).
-9
Let p(z) = -4*z**2 + 22*z - 16. What is p(5)?
-6
Let y(f) = 9*f - 150. What is y(19)?
21
Let i(r) = 16*r**2 + 2*r + 4. Calculate i(-2).
64
Let m(s) = -2*s**2 + 18*s + 24. Determine m(14).
-116
Let n(x) = 48*x - 141. Determine n(3).
3
Let v(x) = 7*x - 9. Determine v(7).
40
Let u(v) = 2*v**2 - 10*v - 3. What is u(8)?
45
Let i(x) = -3*x - 12. What is i(-11)?
21
Let j(c) = 2*c**3 + 15*c**2 + 6*c - 12. What is j(-7)?
-5
Let q(p) = -2*p**2 + 4*p + 1. What is q(6)?
-47
Let j(u) = -2*u**2 + 4. Determine j(-6).
-68
Let k(q) = -q**3 + 3*q**2 + q + 5. Determine k(4).
-7
Let h(o) = -o**3 - 11*o**2 - 17*o + 15. Give h(-9).
6
Let j(r) = 16*r + 10. What is j(2)?
42
Let j(r) = r**3 + 3*r**2 - 4*r - 10. What is j(-3)?
2
Let b(j) = j**3 + 7*j**2 - 14*j + 15. What is b(-8)?
63
Let c(v) = v**3 + 11*v**2 + 12*v - 54. What is c(-9)?
0
Let s(y) = -13*y - 84. What is s(0)?
-84
Let l(p) = 15*p - 5. Calculate l(2).
25
Let p(o) = -o**2 + 9*o - 18. Determine p(6).
0
Let x(b) = 12*b + 42. Calculate x(-10).
-78
Let a(s) = 5*s. Calculate a(4).
20
Let t(o) = -2*o + 1. Give t(3).
-5
Let c(n) = n**2 + 16*n + 71. Determine c(-16).
71
Let p(t) = -t**2 - 12*t - 11. Determine p(-10).
9
Let n(q) = q**3 - 5*q**2 - 7*q + 3. What is n(6)?
-3
Let g(h) = h**2 + 9*h - 6. Give g(-9).
-6
Let b(o) = -32*o - 8. Give b(-2).
56
Let q(t) = 3*t - 24. Calcula